{"id":8,"date":"2018-02-27T13:59:05","date_gmt":"2018-02-27T12:59:05","guid":{"rendered":"http:\/\/snupden-fsu.fr\/?page_id=8"},"modified":"2026-03-28T12:13:37","modified_gmt":"2026-03-28T11:13:37","slug":"a-propos-de","status":"publish","type":"page","link":"https:\/\/snupden-fsu.fr\/index.php\/a-propos-de\/","title":{"rendered":"Du snU.pden-FSU \u00e0 FSU Per Dir"},"content":{"rendered":"\n<div class=\"wp-block-columns is-layout-flex wp-container-core-columns-is-layout-9d6595d7 wp-block-columns-is-layout-flex\">\n<div class=\"wp-block-column is-layout-flow wp-block-column-is-layout-flow\" style=\"flex-basis:100%\">\n<div class=\"surlignable\">\n<div class=\"texte entry-content\">\n<p>Au d\u00e9but des ann\u00e9es 2000, beaucoup d\u2019entre nous, issus de syndicats enseignants de la F\u00e9d\u00e9ration Syndicale Unitaire, ne se retrouvaient pas dans les organisations syndicales en place, notamment dans le syndicat majoritaire affili\u00e9 \u00e0 l\u2019UNSA, le SNPDEN. Celui-ci souhaite substituer une \u00ab culture d\u2019encadrement \u00e0 celle d\u2019enseignement \u00bb : \u00e0 la rentr\u00e9e scolaire 2001, un groupe de coll\u00e8gues, actifs et retrait\u00e9s, de l\u2019acad\u00e9mie de Rennes lan\u00e7ait un manifeste <a href=\"https:\/\/snupden-fsu.fr\/index.php\/2025\/04\/15\/vers-un-nouveau-syndicalisme-des-personnels-de-direction\/\" target=\"_blank\" rel=\"noopener\">\u00ab <em>Vers un nouveau syndicalisme des personnels de direction<\/em> \u00bb<\/a> ; le sn<em><strong>U<\/strong><\/em>.pden a tenu son premier congr\u00e8s en mai 2002 \u00e0 Paris et nous avons d\u00e8s lors demand\u00e9 notre entr\u00e9e dans la FSU. A l&rsquo;issue du congr\u00e8s de Bordeaux en mai 2004, le sn<em><strong>U<\/strong><\/em>.pden a rejoint la FSU.<\/p>\n<p>Avec nos seules forces, nous avons r\u00e9ussi au fil des ann\u00e9es \u00e0 nous implanter dans 17 acad\u00e9mies et m\u00eame dans les DOM-TOM. Nos sections acad\u00e9miques ont \u00e9t\u00e9 reconnues comme interlocuteurs par les recteurs et le Minist\u00e8re.<\/p>\n<p>A l&rsquo;occasion du congr\u00e8s national de Troyes en mars 2024, le sn<em><strong>U<\/strong><\/em>.pden-FSU a rappel\u00e9 ses objectifs apr\u00e8s la d\u00e9gradation ces derni\u00e8res ann\u00e9es des conditions de travail des personnels de direction :<\/p>\n<ul>\n<li>faire entendre nos revendications pour les personnels, pour l&rsquo;Ecole et pour le service public d&rsquo;Education, en nous appuyant sur la FSU, premi\u00e8re organisation syndicale dans l&rsquo;Education nationale et la Fonction publique<\/li>\n<li>continuer \u00e0 nous renforcer dans les acad\u00e9mies et \u00e0 conqu\u00e9rir notre place dans les instances acad\u00e9miques et nationales<\/li>\n<\/ul>\n<\/div>\n<\/div>\n\n\n\n<p>Le congr\u00e8s national extraordinaire r\u00e9uni \u00e0 Bagnolet en mars 2026 a marqu\u00e9 un nouveau tournant pour notre syndicat : nouveau nom, nouveau logo, <strong>le sn<em>U<\/em>.pden-FSU devient FSU Per Dir<\/strong>. <\/p>\n\n\n\n<p>Cette \u00e9volution s&rsquo;inscrit dans la continuit\u00e9 de l&rsquo;histoire de notre syndicat qui a toujours voulu rompre avec l&rsquo;h\u00e9g\u00e9monie d&rsquo;un discours de complaisance et affirmer, au sein de la FSU, des revendications pour notre m\u00e9tier et pour le service public d&rsquo;\u00e9ducation. Les prochaines \u00e9ch\u00e9ances &#8211; \u00e9lections professionnelles en 2026, \u00e9lections pr\u00e9sidentielles en 2027 &#8211; nous obligent \u00e0 rendre plus visible un projet alternatif pour l&rsquo;Ecole : FSU Per Dir veut incarner cette volont\u00e9 pour les personnels de direction.<\/p>\n\n\n\n<figure class=\"wp-block-image size-full\"><img loading=\"lazy\" decoding=\"async\" width=\"760\" height=\"465\" src=\"https:\/\/snupden-fsu.fr\/wp-content\/uploads\/2026\/03\/Logo-FSU-Perdir-1.png\" alt=\"\" class=\"wp-image-5578\" srcset=\"https:\/\/snupden-fsu.fr\/wp-content\/uploads\/2026\/03\/Logo-FSU-Perdir-1.png 760w, https:\/\/snupden-fsu.fr\/wp-content\/uploads\/2026\/03\/Logo-FSU-Perdir-1-300x184.png 300w\" sizes=\"auto, (max-width: 760px) 100vw, 760px\" \/><\/figure>\n<\/div>\n<\/div>\n","protected":false},"excerpt":{"rendered":"<div class=\"mh-excerpt\"><p>Au d\u00e9but des ann\u00e9es 2000, beaucoup d\u2019entre nous, issus de syndicats enseignants de la F\u00e9d\u00e9ration Syndicale Unitaire, ne se retrouvaient pas dans les organisations syndicales en place, notamment dans le <a class=\"mh-excerpt-more\" href=\"https:\/\/snupden-fsu.fr\/index.php\/a-propos-de\/\" title=\"Du snU.pden-FSU \u00e0 FSU Per Dir\">[&#8230;]<\/a><\/p>\n<\/div>","protected":false},"author":1,"featured_media":5572,"parent":0,"menu_order":0,"comment_status":"closed","ping_status":"closed","template":"","meta":{"footnotes":""},"class_list":["post-8","page","type-page","status-publish","has-post-thumbnail","hentry"],"_links":{"self":[{"href":"https:\/\/snupden-fsu.fr\/index.php\/wp-json\/wp\/v2\/pages\/8","targetHints":{"allow":["GET"]}}],"collection":[{"href":"https:\/\/snupden-fsu.fr\/index.php\/wp-json\/wp\/v2\/pages"}],"about":[{"href":"https:\/\/snupden-fsu.fr\/index.php\/wp-json\/wp\/v2\/types\/page"}],"author":[{"embeddable":true,"href":"https:\/\/snupden-fsu.fr\/index.php\/wp-json\/wp\/v2\/users\/1"}],"replies":[{"embeddable":true,"href":"https:\/\/snupden-fsu.fr\/index.php\/wp-json\/wp\/v2\/comments?post=8"}],"version-history":[{"count":12,"href":"https:\/\/snupden-fsu.fr\/index.php\/wp-json\/wp\/v2\/pages\/8\/revisions"}],"predecessor-version":[{"id":5580,"href":"https:\/\/snupden-fsu.fr\/index.php\/wp-json\/wp\/v2\/pages\/8\/revisions\/5580"}],"wp:featuredmedia":[{"embeddable":true,"href":"https:\/\/snupden-fsu.fr\/index.php\/wp-json\/wp\/v2\/media\/5572"}],"wp:attachment":[{"href":"https:\/\/snupden-fsu.fr\/index.php\/wp-json\/wp\/v2\/media?parent=8"}],"curies":[{"name":"wp","href":"https:\/\/api.w.org\/{rel}","templated":true}]}}

Du snU.pden-FSU à FSU Per Dir

<div class="wp-block-columns is-layout-flex wp-container-core-columns-is-layout-9d6595d7 wp-block-columns-is-layout-flex">
<div class="wp-block-column is-layout-flow wp-block-column-is-layout-flow" style="flex-basis:100%">
<div class="surlignable">
<div class="texte entry-content">
<p>Au début des années 2000, beaucoup d’entre nous, issus de syndicats enseignants de la Fédération Syndicale Unitaire, ne se retrouvaient pas dans les organisations syndicales en place, notamment dans le syndicat majoritaire affilié à l’UNSA, le SNPDEN. Celui-ci souhaite substituer une « culture d’encadrement à celle d’enseignement » : à la rentrée scolaire 2001, un groupe de collègues, actifs et retraités, de l’académie de Rennes lançait un manifeste <a href="https://snupden-fsu.fr/index.php/2025/04/15/vers-un-nouveau-syndicalisme-des-personnels-de-direction/" target="_blank" rel="noopener">« <em>Vers un nouveau syndicalisme des personnels de direction</em> »</a> ; le sn<em><strong>U</strong></em>.pden a tenu son premier congrès en mai 2002 à Paris et nous avons dès lors demandé notre entrée dans la FSU. A l&rsquo;issue du congrès de Bordeaux en mai 2004, le sn<em><strong>U</strong></em>.pden a rejoint la FSU.</p>
<p>Avec nos seules forces, nous avons réussi au fil des années à nous implanter dans 17 académies et même dans les DOM-TOM. Nos sections académiques ont été reconnues comme interlocuteurs par les recteurs et le Ministère.</p>
<p>A l&rsquo;occasion du congrès national de Troyes en mars 2024, le sn<em><strong>U</strong></em>.pden-FSU a rappelé ses objectifs après la dégradation ces dernières années des conditions de travail des personnels de direction :</p>
<ul>
<li>faire entendre nos revendications pour les personnels, pour l&rsquo;Ecole et pour le service public d&rsquo;Education, en nous appuyant sur la FSU, première organisation syndicale dans l&rsquo;Education nationale et la Fonction publique</li>
<li>continuer à nous renforcer dans les académies et à conquérir notre place dans les instances académiques et nationales</li>
</ul>
</div>
</div>



<p>Le congrès national extraordinaire réuni à Bagnolet en mars 2026 a marqué un nouveau tournant pour notre syndicat : nouveau nom, nouveau logo, <strong>le sn<em>U</em>.pden-FSU devient FSU Per Dir</strong>. </p>



<p>Cette évolution s&rsquo;inscrit dans la continuité de l&rsquo;histoire de notre syndicat qui a toujours voulu rompre avec l&rsquo;hégémonie d&rsquo;un discours de complaisance et affirmer, au sein de la FSU, des revendications pour notre métier et pour le service public d&rsquo;éducation. Les prochaines échéances &#8211; élections professionnelles en 2026, élections présidentielles en 2027 &#8211; nous obligent à rendre plus visible un projet alternatif pour l&rsquo;Ecole : FSU Per Dir veut incarner cette volonté pour les personnels de direction.</p>



<figure class="wp-block-image size-full"><img loading="lazy" decoding="async" width="760" height="465" src="https://snupden-fsu.fr/wp-content/uploads/2026/03/Logo-FSU-Perdir-1.png" alt="" class="wp-image-5578" srcset="https://snupden-fsu.fr/wp-content/uploads/2026/03/Logo-FSU-Perdir-1.png 760w, https://snupden-fsu.fr/wp-content/uploads/2026/03/Logo-FSU-Perdir-1-300x184.png 300w" sizes="auto, (max-width: 760px) 100vw, 760px" /></figure>
</div>
</div>

<div class="mh-excerpt"><p>Au début des années 2000, beaucoup d’entre nous, issus de syndicats enseignants de la Fédération Syndicale Unitaire, ne se retrouvaient pas dans les organisations syndicales en place, notamment dans le <a class="mh-excerpt-more" href="https://snupden-fsu.fr/index.php/a-propos-de/" title="Du snU.pden-FSU à FSU Per Dir">[&#8230;]</a></p>
</div>
