{"id":169,"date":"2018-03-12T21:39:34","date_gmt":"2018-03-12T20:39:34","guid":{"rendered":"http:\/\/snupden-fsu.fr\/?page_id=169"},"modified":"2018-03-12T21:39:34","modified_gmt":"2018-03-12T20:39:34","slug":"mentions-legales","status":"publish","type":"page","link":"https:\/\/snupden-fsu.fr\/index.php\/mentions-legales\/","title":{"rendered":"Mentions l\u00e9gales"},"content":{"rendered":"<h3 class=\"spip\">Informations \u00e9diteur<\/h3>\n<p>Ce site est \u00e9dit\u00e9 par le sn<em>U<\/em>.pden-FSU<br class=\"manualbr\" \/>Bourse du Travail<br class=\"manualbr\" \/>Place de la Lib\u00e9ration<br class=\"manualbr\" \/>93016 Bobigny Cedex<br class=\"manualbr\" \/>T\u00e9l.\u00a0: 06 36 95 35 94<\/p>\n<h3 class=\"spip\">Directeur de la publication\u00a0: Igor Garncarzyk<\/h3>\n<p>Pour toute remarque \u00e0 propos du site, <a class=\"spip_in\" href=\"http:\/\/www.fsu.fr\/Contact.html\">nous \u00e9crire<\/a><\/p>\n<h3 class=\"spip\">Propri\u00e9t\u00e9 intellectuelle<\/h3>\n<p>&nbsp;<\/p>\n<p>Tous les contenus de ce site sont couverts par le droit d\u2019auteur, en vertu de l\u2019article L.122-4 du Code de la propri\u00e9t\u00e9 intellectuelle. La reproduction de contenu est soumise \u00e0 la mention de la source\u00a0: copyright FSU tous droits r\u00e9serv\u00e9s. Les reproductions ne peuvent pas \u00eatre utilis\u00e9es \u00e0 des fins commerciales ou publicitaires. La FSU se r\u00e9serve la possibilit\u00e9, \u00e0 tout moment, d\u2019interdire \u00e0 des tiers l\u2019utilisation des informations du site. Dans ce cas, elle informera la personne concern\u00e9e qui disposera de 8 jours ouvr\u00e9s pour mettre fin \u00e0 ses pratiques.<\/p>\n<p><strong>Cr\u00e9dits photographiques<\/strong><\/p>\n<p>Toute reproduction est soumise \u00e0 autorisation de son auteur<\/p>\n<h3 class=\"spip\">Liens hypertextes<\/h3>\n<p>La cr\u00e9ation de liens avec ce site est libre, sous r\u00e9serve de nous en informer. La FSU peut \u00e0 tout moment refuser un lien. La personne concern\u00e9e disposera de deux jours pour le supprimer.<\/p>\n<h3 class=\"spip\">Informations sur les cookies<\/h3>\n<p>L\u2019utilisateur est inform\u00e9 que lors de ses visites sur le site un \u00a0\u00bb cookie \u00a0\u00bb peut s\u2019installer automatiquement sur son logiciel de navigation. Un \u00a0\u00bb cookie \u00a0\u00bb est un bloc de donn\u00e9es qui ne permet pas d\u2019identifier l\u2019utilisateur mais qui sert \u00e0 enregistrer des informations relatives \u00e0 la navigation de celui-ci sur le site et \u00e0 la faciliter. L\u2019utilisateur peut cependant s\u2019opposer \u00e0 la mise en place de \u00a0\u00bb cookies \u00a0\u00bb en d\u00e9sactivant cette option dans les param\u00e8tres de son navigateur.<\/p>\n<h3 class=\"spip\">Donn\u00e9es personnelles<\/h3>\n<p>L\u2019utilisation des informations nominatives recueillies par ce site respecte la r\u00e9glementation \u00ab\u00a0informatique et libert\u00e9s\u00a0\u00bb et l\u2019objet strictement syndical de la FSU. Aucune donn\u00e9e personnelle n\u2019est collect\u00e9e \u00e0 l\u2019insu des visiteurs du site. Les seules donn\u00e9es personnelles pouvant \u00eatre collect\u00e9es sont des adresses de courrier \u00e9lectronique et des adresses postales. Elles ne sont recueillies qu\u2019\u00e0 la suite de leur communication volontaire par les internautes souhaitant\u00a0:<br \/>\n<img loading=\"lazy\" decoding=\"async\" class=\"puce\" src=\"http:\/\/www.fsu.fr\/squelettes-dist\/puce.gif\" alt=\"-\" width=\"8\" height=\"11\" \/>\u00a0recevoir les lettres d\u2019information du site<br \/>\n<img loading=\"lazy\" decoding=\"async\" class=\"puce\" src=\"http:\/\/www.fsu.fr\/squelettes-dist\/puce.gif\" alt=\"-\" width=\"8\" height=\"11\" \/>\u00a0recevoir une r\u00e9ponse au courrier qu\u2019ils nous adresseraient<br \/>\n<img loading=\"lazy\" decoding=\"async\" class=\"puce\" src=\"http:\/\/www.fsu.fr\/squelettes-dist\/puce.gif\" alt=\"-\" width=\"8\" height=\"11\" \/>\u00a0adh\u00e9rer \u00e0 un syndicat membre de la FSU.<\/p>\n<h3 class=\"spip\">Droit d\u2019acc\u00e8s, de modification et de suppression<\/h3>\n<p>Conform\u00e9ment \u00e0 la loi n\u00b078-17 du 6 janvier 1978, dite loi Informatique et Libert\u00e9s, vous disposez d\u2019un droit d\u2019acc\u00e8s, de rectification et de suppression \u00e0 l\u2019\u00e9gard de toute information vous concernant. Ce droit peut \u00eatre exerc\u00e9 par courriel \u00e0 l\u2019adresse suivante : <a href=\"mailto:snupden@fsu.fr\">snupden@fsu.fr<\/a><\/p>\n<h3 class=\"spip\">H\u00e9bergement par OVH<\/h3>\n","protected":false},"excerpt":{"rendered":"<div class=\"mh-excerpt\"><p>Informations \u00e9diteur Ce site est \u00e9dit\u00e9 par le snU.pden-FSUBourse du TravailPlace de la Lib\u00e9ration93016 Bobigny CedexT\u00e9l.\u00a0: 06 36 95 35 94 Directeur de la publication\u00a0: Igor Garncarzyk Pour toute remarque <a class=\"mh-excerpt-more\" href=\"https:\/\/snupden-fsu.fr\/index.php\/mentions-legales\/\" title=\"Mentions l\u00e9gales\">[&#8230;]<\/a><\/p>\n<\/div>","protected":false},"author":1,"featured_media":0,"parent":0,"menu_order":0,"comment_status":"closed","ping_status":"closed","template":"","meta":{"_bbp_topic_count":0,"_bbp_reply_count":0,"_bbp_total_topic_count":0,"_bbp_total_reply_count":0,"_bbp_voice_count":0,"_bbp_anonymous_reply_count":0,"_bbp_topic_count_hidden":0,"_bbp_reply_count_hidden":0,"_bbp_forum_subforum_count":0,"_exactmetrics_skip_tracking":false,"_exactmetrics_sitenote_active":false,"_exactmetrics_sitenote_note":"","_exactmetrics_sitenote_category":0,"footnotes":""},"class_list":["post-169","page","type-page","status-publish","hentry"],"yoast_head":"<!-- This site is optimized with the Yoast SEO plugin v18.5.1 - https:\/\/yoast.com\/wordpress\/plugins\/seo\/ -->\n<title>Mentions l\u00e9gales -<\/title>\n<meta name=\"robots\" content=\"index, follow, max-snippet:-1, max-image-preview:large, max-video-preview:-1\" \/>\n<link rel=\"canonical\" href=\"https:\/\/snupden-fsu.fr\/index.php\/mentions-legales\/\" \/>\n<meta property=\"og:locale\" content=\"fr_FR\" \/>\n<meta property=\"og:type\" content=\"article\" \/>\n<meta property=\"og:title\" content=\"Mentions l\u00e9gales -\" \/>\n<meta property=\"og:description\" content=\"Informations \u00e9diteur Ce site est \u00e9dit\u00e9 par le snU.pden-FSUBourse du TravailPlace de la Lib\u00e9ration93016 Bobigny CedexT\u00e9l.\u00a0: 06 36 95 35 94 Directeur de la publication\u00a0: Igor Garncarzyk Pour toute remarque [...]\" \/>\n<meta property=\"og:url\" content=\"https:\/\/snupden-fsu.fr\/index.php\/mentions-legales\/\" \/>\n<meta property=\"og:image\" content=\"http:\/\/www.fsu.fr\/squelettes-dist\/puce.gif\" \/>\n<meta name=\"twitter:card\" content=\"summary_large_image\" \/>\n<meta name=\"twitter:label1\" content=\"Dur\u00e9e de lecture estim\u00e9e\" \/>\n\t<meta name=\"twitter:data1\" content=\"2 minutes\" \/>\n<script type=\"application\/ld+json\" class=\"yoast-schema-graph\">{\"@context\":\"https:\/\/schema.org\",\"@graph\":[{\"@type\":\"Organization\",\"@id\":\"https:\/\/snupden-fsu.fr\/#organization\",\"name\":\"snU.Pden-FSU\",\"url\":\"https:\/\/snupden-fsu.fr\/\",\"sameAs\":[],\"logo\":{\"@type\":\"ImageObject\",\"@id\":\"https:\/\/snupden-fsu.fr\/#logo\",\"inLanguage\":\"fr-FR\",\"url\":\"http:\/\/snupden-fsu.fr\/wp-content\/uploads\/2018\/03\/logo_snupden-3.jpg\",\"contentUrl\":\"http:\/\/snupden-fsu.fr\/wp-content\/uploads\/2018\/03\/logo_snupden-3.jpg\",\"width\":612,\"height\":183,\"caption\":\"snU.Pden-FSU\"},\"image\":{\"@id\":\"https:\/\/snupden-fsu.fr\/#logo\"}},{\"@type\":\"WebSite\",\"@id\":\"https:\/\/snupden-fsu.fr\/#website\",\"url\":\"https:\/\/snupden-fsu.fr\/\",\"name\":\"snU.pden-FSU\",\"description\":\"Le snU.pden-FSU devient FSU Per Dir\",\"publisher\":{\"@id\":\"https:\/\/snupden-fsu.fr\/#organization\"},\"potentialAction\":[{\"@type\":\"SearchAction\",\"target\":{\"@type\":\"EntryPoint\",\"urlTemplate\":\"https:\/\/snupden-fsu.fr\/?s={search_term_string}\"},\"query-input\":\"required name=search_term_string\"}],\"inLanguage\":\"fr-FR\"},{\"@type\":\"ImageObject\",\"@id\":\"https:\/\/snupden-fsu.fr\/index.php\/mentions-legales\/#primaryimage\",\"inLanguage\":\"fr-FR\",\"url\":\"http:\/\/www.fsu.fr\/squelettes-dist\/puce.gif\",\"contentUrl\":\"http:\/\/www.fsu.fr\/squelettes-dist\/puce.gif\"},{\"@type\":\"WebPage\",\"@id\":\"https:\/\/snupden-fsu.fr\/index.php\/mentions-legales\/#webpage\",\"url\":\"https:\/\/snupden-fsu.fr\/index.php\/mentions-legales\/\",\"name\":\"Mentions l\u00e9gales -\",\"isPartOf\":{\"@id\":\"https:\/\/snupden-fsu.fr\/#website\"},\"primaryImageOfPage\":{\"@id\":\"https:\/\/snupden-fsu.fr\/index.php\/mentions-legales\/#primaryimage\"},\"datePublished\":\"2018-03-12T20:39:34+00:00\",\"dateModified\":\"2018-03-12T20:39:34+00:00\",\"breadcrumb\":{\"@id\":\"https:\/\/snupden-fsu.fr\/index.php\/mentions-legales\/#breadcrumb\"},\"inLanguage\":\"fr-FR\",\"potentialAction\":[{\"@type\":\"ReadAction\",\"target\":[\"https:\/\/snupden-fsu.fr\/index.php\/mentions-legales\/\"]}]},{\"@type\":\"BreadcrumbList\",\"@id\":\"https:\/\/snupden-fsu.fr\/index.php\/mentions-legales\/#breadcrumb\",\"itemListElement\":[{\"@type\":\"ListItem\",\"position\":1,\"name\":\"Accueil\",\"item\":\"https:\/\/snupden-fsu.fr\/\"},{\"@type\":\"ListItem\",\"position\":2,\"name\":\"Mentions l\u00e9gales\"}]}]}<\/script>\n<!-- \/ Yoast SEO plugin. -->","yoast_head_json":{"title":"Mentions l\u00e9gales -","robots":{"index":"index","follow":"follow","max-snippet":"max-snippet:-1","max-image-preview":"max-image-preview:large","max-video-preview":"max-video-preview:-1"},"canonical":"https:\/\/snupden-fsu.fr\/index.php\/mentions-legales\/","og_locale":"fr_FR","og_type":"article","og_title":"Mentions l\u00e9gales -","og_description":"Informations \u00e9diteur Ce site est \u00e9dit\u00e9 par le snU.pden-FSUBourse du TravailPlace de la Lib\u00e9ration93016 Bobigny CedexT\u00e9l.\u00a0: 06 36 95 35 94 Directeur de la publication\u00a0: Igor Garncarzyk Pour toute remarque [...]","og_url":"https:\/\/snupden-fsu.fr\/index.php\/mentions-legales\/","og_image":[{"url":"http:\/\/www.fsu.fr\/squelettes-dist\/puce.gif"}],"twitter_card":"summary_large_image","twitter_misc":{"Dur\u00e9e de lecture estim\u00e9e":"2 minutes"},"schema":{"@context":"https:\/\/schema.org","@graph":[{"@type":"Organization","@id":"https:\/\/snupden-fsu.fr\/#organization","name":"snU.Pden-FSU","url":"https:\/\/snupden-fsu.fr\/","sameAs":[],"logo":{"@type":"ImageObject","@id":"https:\/\/snupden-fsu.fr\/#logo","inLanguage":"fr-FR","url":"http:\/\/snupden-fsu.fr\/wp-content\/uploads\/2018\/03\/logo_snupden-3.jpg","contentUrl":"http:\/\/snupden-fsu.fr\/wp-content\/uploads\/2018\/03\/logo_snupden-3.jpg","width":612,"height":183,"caption":"snU.Pden-FSU"},"image":{"@id":"https:\/\/snupden-fsu.fr\/#logo"}},{"@type":"WebSite","@id":"https:\/\/snupden-fsu.fr\/#website","url":"https:\/\/snupden-fsu.fr\/","name":"snU.pden-FSU","description":"Le snU.pden-FSU devient FSU Per Dir","publisher":{"@id":"https:\/\/snupden-fsu.fr\/#organization"},"potentialAction":[{"@type":"SearchAction","target":{"@type":"EntryPoint","urlTemplate":"https:\/\/snupden-fsu.fr\/?s={search_term_string}"},"query-input":"required name=search_term_string"}],"inLanguage":"fr-FR"},{"@type":"ImageObject","@id":"https:\/\/snupden-fsu.fr\/index.php\/mentions-legales\/#primaryimage","inLanguage":"fr-FR","url":"http:\/\/www.fsu.fr\/squelettes-dist\/puce.gif","contentUrl":"http:\/\/www.fsu.fr\/squelettes-dist\/puce.gif"},{"@type":"WebPage","@id":"https:\/\/snupden-fsu.fr\/index.php\/mentions-legales\/#webpage","url":"https:\/\/snupden-fsu.fr\/index.php\/mentions-legales\/","name":"Mentions l\u00e9gales -","isPartOf":{"@id":"https:\/\/snupden-fsu.fr\/#website"},"primaryImageOfPage":{"@id":"https:\/\/snupden-fsu.fr\/index.php\/mentions-legales\/#primaryimage"},"datePublished":"2018-03-12T20:39:34+00:00","dateModified":"2018-03-12T20:39:34+00:00","breadcrumb":{"@id":"https:\/\/snupden-fsu.fr\/index.php\/mentions-legales\/#breadcrumb"},"inLanguage":"fr-FR","potentialAction":[{"@type":"ReadAction","target":["https:\/\/snupden-fsu.fr\/index.php\/mentions-legales\/"]}]},{"@type":"BreadcrumbList","@id":"https:\/\/snupden-fsu.fr\/index.php\/mentions-legales\/#breadcrumb","itemListElement":[{"@type":"ListItem","position":1,"name":"Accueil","item":"https:\/\/snupden-fsu.fr\/"},{"@type":"ListItem","position":2,"name":"Mentions l\u00e9gales"}]}]}},"_links":{"self":[{"href":"https:\/\/snupden-fsu.fr\/index.php\/wp-json\/wp\/v2\/pages\/169","targetHints":{"allow":["GET"]}}],"collection":[{"href":"https:\/\/snupden-fsu.fr\/index.php\/wp-json\/wp\/v2\/pages"}],"about":[{"href":"https:\/\/snupden-fsu.fr\/index.php\/wp-json\/wp\/v2\/types\/page"}],"author":[{"embeddable":true,"href":"https:\/\/snupden-fsu.fr\/index.php\/wp-json\/wp\/v2\/users\/1"}],"replies":[{"embeddable":true,"href":"https:\/\/snupden-fsu.fr\/index.php\/wp-json\/wp\/v2\/comments?post=169"}],"version-history":[{"count":1,"href":"https:\/\/snupden-fsu.fr\/index.php\/wp-json\/wp\/v2\/pages\/169\/revisions"}],"predecessor-version":[{"id":170,"href":"https:\/\/snupden-fsu.fr\/index.php\/wp-json\/wp\/v2\/pages\/169\/revisions\/170"}],"wp:attachment":[{"href":"https:\/\/snupden-fsu.fr\/index.php\/wp-json\/wp\/v2\/media?parent=169"}],"curies":[{"name":"wp","href":"https:\/\/api.w.org\/{rel}","templated":true}]}}